{"id":31805,"date":"2023-12-12T08:25:45","date_gmt":"2023-12-12T11:25:45","guid":{"rendered":"https:\/\/marcafede.com.ar\/iluminacion\/?post_type=product&#038;p=31805"},"modified":"2025-09-30T13:25:16","modified_gmt":"2025-09-30T16:25:16","slug":"lampara-colgante-jaula-gota-grande-deco-vintage-metalizado-apto-led-e27","status":"publish","type":"product","link":"https:\/\/marcafede.com.ar\/iluminacion\/producto\/lampara-colgante-jaula-gota-grande-deco-vintage-metalizado-apto-led-e27\/","title":{"rendered":"Lampara Colgante Jaula Gota Grande Deco Vintage Metalizado &#8211; Apto Led (E27)"},"content":{"rendered":"<p>Lampara Colgante Jaula Gota Grande Deco Vintage &#8211; Apto Led (E27) &#8211; Cobre Brillante.<\/p>\n<p>Colgante de Alambre de Acero Geom\u00e9trico.<\/p>\n<p>** NO INCLUYE LAMPARA **<\/p>\n<p>Uso: interior<\/p>\n<p>Cantidad de l\u00e1mparas: 1<\/p>\n<p>Tipo de L\u00e1mparas: LED, BAJO CONSUMO, VINTAGE<\/p>\n<p>Portal\u00e1mparas: E-27<\/p>\n<p>Grado de protecci\u00f3n: IP2<\/p>\n<p>Material: Alambre de acero<\/p>\n<p>MEDIDAS:<\/p>\n<p>Altura: 38 Cm.<br \/>\nDi\u00e1metro Inferior: 25 Cm.<br \/>\nDi\u00e1metro Medio: 20 Cm.<br \/>\nDi\u00e1metro Superior: 6 Cm.<\/p>\n<p>Medida Flor\u00f3n : Di\u00e1metro 10 cm<\/p>\n<p>Cable regulable en Altura: 90cm<\/p>\n<p>Aplicaciones: Cocinas, Comedores, Livings, Barras, Bares, Cervecer\u00edas, Resto<\/p>\n<p>Las fotos son ilustrativas, se entrega el modelo dependiendo de la disponibilidad.<\/p>\n<p>&#8212;&#8212;&#8212;&#8212;&#8212;&#8212;&#8212;&#8212;&#8212;&#8212;&#8211;MARCAFEDE&#8212;&#8212;&#8212;&#8212;&#8212;&#8212;&#8212;&#8212;&#8212;&#8212;&#8211;<\/p>\n<p>ILUMINACION &#8211; ACCESORIOS &#8211; ELECTRONICA &#8211; CCTV &#8211; DISE\u00d1O WEB &#8211; ALARMAS &#8211; CAMARAS<\/p>\n<p>VEA TODOS LOS PRODUCTOS<\/p>\n<p>TODOS LOS PRODUCTOS AQUI: https:\/\/eshops.mercadolibre.com.ar\/MARCAFEDE<\/p>\n<p>FORMAS DE PAGO:<\/p>\n<p>* A trav\u00e9s de Mercado Pago con:<br \/>\n&#8211; Tarjeta de cr\u00e9dito<br \/>\n&#8211; Tarjeta de d\u00e9bito<br \/>\n* Efectivo en nuestro Showroom (Dep\u00f3sito)<br \/>\n* Dep\u00f3sito o transferencia bancaria<\/p>\n<p>FORMAS DE ENV\u00cdO<\/p>\n<p>* Realizamos env\u00edos a todo el pa\u00eds por:<br \/>\n&#8211; Mercado env\u00edos<br \/>\n&#8211; OCA o Correo Argentino<br \/>\n&#8211; Micro a la sucursal<br \/>\n&#8211; V\u00eda Cargo<br \/>\n&#8211; Bus Pack<br \/>\n&#8211; Cruz del Sur<br \/>\n&#8211; Moto a domicilio<br \/>\n&#8211; Puede retirar en nuestro dep\u00f3sito<br \/>\n&#8211; o por el medio que sea de su preferencia<\/p>\n<p>GARANT\u00cdA<\/p>\n<p>Iluminaci\u00f3n MarcaFede brinda garant\u00eda de 6 meses por defectos de fabricaci\u00f3n que provee el fabricante o importador, la misma queda<br \/>\nsin efecto por mal uso o roturas por agentes externos como por ejemplo mal trato del transporte indicado por el comprador.<br \/>\nEn todos los casos la mercader\u00eda debe ser remitida al servicio t\u00e9cnico, el producto debe conservar su embalaje original con accesorios completos.<br \/>\nTODOS LOS GASTOS DEL TRASLADO CORREN POR CUENTA DEL COMPRADOR SIN EXCEPCION.<\/p>\n<p>HACEMOS FACTURA A<\/p>\n<p>UBICACI\u00d3N<\/p>\n<p>Estamos a 4 y 8 cuadras de Estaci\u00f3n Lan\u00fas Oeste.<br \/>\nNO TENEMOS LOCAL DE VENTA A LA CALLE.<br \/>\nLos retiros pueden realizarse en los siguientes horarios, con previo aviso.<br \/>\nA 4 Cuadras por la tarde de 16 a 19 hs.<br \/>\nA 8 Cuadras por la ma\u00f1ana de 9:30 a 14 Hs.<br \/>\nLos d\u00edas S\u00e1bados coordinar horario y lugar<\/p>\n","protected":false},"excerpt":{"rendered":"<p>Lampara Colgante Jaula Gota Grande Deco Vintage &#8211; Apto Led (E27) &#8211; Cobre Brillante. Colgante de Alambre de Acero Geom\u00e9trico. ** NO INCLUYE LAMPARA ** Uso: interior Cantidad de l\u00e1mparas: 1 Tipo de L\u00e1mparas: LED, BAJO CONSUMO, VINTAGE Portal\u00e1mparas: E-27 Grado de protecci\u00f3n: IP2 Material: Alambre de acero MEDIDAS: Altura: 38 Cm. Di\u00e1metro Inferior: 25 [&hellip;]<\/p>\n","protected":false},"featured_media":31806,"template":"","meta":[],"product_brand":[],"product_cat":[83,30],"product_tag":[],"class_list":{"0":"post-31805","1":"product","2":"type-product","3":"status-publish","4":"has-post-thumbnail","6":"product_cat-colgantes-orbitales","7":"product_cat-marcafede","9":"first","10":"instock","11":"taxable","12":"shipping-taxable","13":"purchasable","14":"product-type-simple"},"jetpack_sharing_enabled":true,"_links":{"self":[{"href":"https:\/\/marcafede.com.ar\/iluminacion\/wp-json\/wp\/v2\/product\/31805","targetHints":{"allow":["GET"]}}],"collection":[{"href":"https:\/\/marcafede.com.ar\/iluminacion\/wp-json\/wp\/v2\/product"}],"about":[{"href":"https:\/\/marcafede.com.ar\/iluminacion\/wp-json\/wp\/v2\/types\/product"}],"wp:featuredmedia":[{"embeddable":true,"href":"https:\/\/marcafede.com.ar\/iluminacion\/wp-json\/wp\/v2\/media\/31806"}],"wp:attachment":[{"href":"https:\/\/marcafede.com.ar\/iluminacion\/wp-json\/wp\/v2\/media?parent=31805"}],"wp:term":[{"taxonomy":"product_brand","embeddable":true,"href":"https:\/\/marcafede.com.ar\/iluminacion\/wp-json\/wp\/v2\/product_brand?post=31805"},{"taxonomy":"product_cat","embeddable":true,"href":"https:\/\/marcafede.com.ar\/iluminacion\/wp-json\/wp\/v2\/product_cat?post=31805"},{"taxonomy":"product_tag","embeddable":true,"href":"https:\/\/marcafede.com.ar\/iluminacion\/wp-json\/wp\/v2\/product_tag?post=31805"}],"curies":[{"name":"wp","href":"https:\/\/api.w.org\/{rel}","templated":true}]}}