{"id":37203,"date":"2024-01-29T16:40:28","date_gmt":"2024-01-29T19:40:28","guid":{"rendered":"https:\/\/marcafede.com.ar\/iluminacion\/?post_type=product&#038;p=37203"},"modified":"2026-03-01T14:01:25","modified_gmt":"2026-03-01T17:01:25","slug":"colgante-globo-de-vidrio-8x15-transparente-1-luz-esfera-moderno-apto-led-e27","status":"publish","type":"product","link":"https:\/\/marcafede.com.ar\/iluminacion\/producto\/colgante-globo-de-vidrio-8x15-transparente-1-luz-esfera-moderno-apto-led-e27\/","title":{"rendered":"Colgante Globo de Vidrio 8&#215;15 Transparente 1 Luz Esfera Moderno &#8211; Apto Led (E27)"},"content":{"rendered":"<p>Colgante Globo de Vidrio Transparente \u00f3 Veneciano 8&#215;15 1 Luz Esfera Moderno &#8211; Apto Led (E27) &#8211; Colores: Blanco, Negro.<\/p>\n<p>**** NO INCLUYE L\u00c1MPARA ****<\/p>\n<p>Proceso de Pintado Electrost\u00e1tico con Pintura Epoxi &#8211; Pintura Secada a Fuego y Horneada.<\/p>\n<p>DI\u00c1METRO GLOBO: 15 Cm.<\/p>\n<p>DIAMETRO BOCA DEL GLOBO = 8 Cm.<\/p>\n<p>MATERIAL:<\/p>\n<p>Vidrio Transparente \u00f3 Veneciano.<\/p>\n<p>Flor\u00f3n\u00a0 10 Cm. Con Prensa Cable<\/p>\n<p>ALTURA TOTAL REGULABLE: 90 Cm.<\/p>\n<p>LUGAR DE MONTAJE: Techo<\/p>\n<p>USO: Interior &#8211; Aleros<\/p>\n<p>PORTALAMPARA: E-27<\/p>\n<p>CAPACIDAD DE FOCOS: 1<\/p>\n<p>FUENTES DE LUZ: Led &#8211; Bajo Consumo<\/p>\n<p>ALIMENTACI\u00d3N: 220V<\/p>\n<p>Las fotos son ilustrativas, se entrega el modelo dependiendo de la disponibilidad.<\/p>\n","protected":false},"excerpt":{"rendered":"<p>Colgante Globo de Vidrio Transparente \u00f3 Veneciano 8&#215;15 1 Luz Esfera Moderno &#8211; Apto Led (E27) &#8211; Colores: Blanco, Negro. **** NO INCLUYE L\u00c1MPARA **** Proceso de Pintado Electrost\u00e1tico con Pintura Epoxi &#8211; Pintura Secada a Fuego y Horneada. DI\u00c1METRO GLOBO: 15 Cm. DIAMETRO BOCA DEL GLOBO = 8 Cm. MATERIAL: Vidrio Transparente \u00f3 Veneciano. [&hellip;]<\/p>\n","protected":false},"featured_media":43677,"template":"","meta":[],"product_brand":[],"product_cat":[74,30],"product_tag":[],"class_list":{"0":"post-37203","1":"product","2":"type-product","3":"status-publish","4":"has-post-thumbnail","6":"product_cat-colgantes","7":"product_cat-marcafede","9":"first","10":"instock","11":"taxable","12":"shipping-taxable","13":"purchasable","14":"product-type-variable"},"jetpack_sharing_enabled":true,"_links":{"self":[{"href":"https:\/\/marcafede.com.ar\/iluminacion\/wp-json\/wp\/v2\/product\/37203","targetHints":{"allow":["GET"]}}],"collection":[{"href":"https:\/\/marcafede.com.ar\/iluminacion\/wp-json\/wp\/v2\/product"}],"about":[{"href":"https:\/\/marcafede.com.ar\/iluminacion\/wp-json\/wp\/v2\/types\/product"}],"wp:featuredmedia":[{"embeddable":true,"href":"https:\/\/marcafede.com.ar\/iluminacion\/wp-json\/wp\/v2\/media\/43677"}],"wp:attachment":[{"href":"https:\/\/marcafede.com.ar\/iluminacion\/wp-json\/wp\/v2\/media?parent=37203"}],"wp:term":[{"taxonomy":"product_brand","embeddable":true,"href":"https:\/\/marcafede.com.ar\/iluminacion\/wp-json\/wp\/v2\/product_brand?post=37203"},{"taxonomy":"product_cat","embeddable":true,"href":"https:\/\/marcafede.com.ar\/iluminacion\/wp-json\/wp\/v2\/product_cat?post=37203"},{"taxonomy":"product_tag","embeddable":true,"href":"https:\/\/marcafede.com.ar\/iluminacion\/wp-json\/wp\/v2\/product_tag?post=37203"}],"curies":[{"name":"wp","href":"https:\/\/api.w.org\/{rel}","templated":true}]}}

<p>Colgante Globo de Vidrio Transparente ó Veneciano 8&#215;15 1 Luz Esfera Moderno &#8211; Apto Led (E27) &#8211; Colores: Blanco, Negro.</p>
<p>**** NO INCLUYE LÁMPARA ****</p>
<p>Proceso de Pintado Electrostático con Pintura Epoxi &#8211; Pintura Secada a Fuego y Horneada.</p>
<p>DIÁMETRO GLOBO: 15 Cm.</p>
<p>DIAMETRO BOCA DEL GLOBO = 8 Cm.</p>
<p>MATERIAL:</p>
<p>Vidrio Transparente ó Veneciano.</p>
<p>Florón  10 Cm. Con Prensa Cable</p>
<p>ALTURA TOTAL REGULABLE: 90 Cm.</p>
<p>LUGAR DE MONTAJE: Techo</p>
<p>USO: Interior &#8211; Aleros</p>
<p>PORTALAMPARA: E-27</p>
<p>CAPACIDAD DE FOCOS: 1</p>
<p>FUENTES DE LUZ: Led &#8211; Bajo Consumo</p>
<p>ALIMENTACIÓN: 220V</p>
<p>Las fotos son ilustrativas, se entrega el modelo dependiendo de la disponibilidad.</p>

<p>Colgante Globo de Vidrio Transparente ó Veneciano 8&#215;15 1 Luz Esfera Moderno &#8211; Apto Led (E27) &#8211; Colores: Blanco, Negro. **** NO INCLUYE LÁMPARA **** Proceso de Pintado Electrostático con Pintura Epoxi &#8211; Pintura Secada a Fuego y Horneada. DIÁMETRO GLOBO: 15 Cm. DIAMETRO BOCA DEL GLOBO = 8 Cm. MATERIAL: Vidrio Transparente ó Veneciano. [&hellip;]</p>
