{"id":38773,"date":"2024-07-24T19:15:43","date_gmt":"2024-07-24T22:15:43","guid":{"rendered":"https:\/\/marcafede.com.ar\/iluminacion\/?post_type=product&#038;p=38773"},"modified":"2025-10-05T12:00:33","modified_gmt":"2025-10-05T15:00:33","slug":"pack-de-2-luces-para-pileta-10w-rgb-con-gabinete-control-remoto-termica-y-fuente-de-alimentacion","status":"publish","type":"product","link":"https:\/\/marcafede.com.ar\/iluminacion\/producto\/pack-de-2-luces-para-pileta-10w-rgb-con-gabinete-control-remoto-termica-y-fuente-de-alimentacion\/","title":{"rendered":"Pack de 2 Luces para Pileta 10 wt RGB con Gabinete, Control Remoto, Termica 10 A y Fuente de Alimentaci\u00f3n"},"content":{"rendered":"<p>Pack de 2 Luces pata Pileta 10 wt RGB con Gabinete, Control Remoto, Termica 10 A y Fuente de Alimentaci\u00f3n.<\/p>\n<p>De acero inoxidable y selladas totalmente con resina epoxi<br \/>\nM\u00e1s de 10 Colores<br \/>\n50.000 hs de uso<br \/>\nCon control remoto touch<br \/>\nVarias secuencias de colores<br \/>\nAumento y disminuci\u00f3n de intensidad<br \/>\nAumento y disminucci\u00f3n de velocidad de los juegos de luces<br \/>\n12 v = seguras<\/p>\n<p>Plafon de acero inoxidable 14,50 cm de diametro y 3 cm de alto<br \/>\nTeccnologia Nano led pro 10 w High power<br \/>\nBlindada con resina epoxi cristal<br \/>\nAngulo de apertura: 180\u00b0<br \/>\nLumenes\/mts: 1000llm<br \/>\nImpenetrable, sin filtraciones ni condesacion de agua<br \/>\nIndice de proteccion: IP68.<br \/>\nCon 2 mts de Cable 4&#215;0,75 mm<br \/>\nVida util: 50.000 hs de uso<br \/>\nConsumo 110 w<br \/>\nAlimentacion 12 v<\/p>\n<p>Caja de paso estanca de material sintetico.<br \/>\nMedidas: 24x18x12 Cm.<br \/>\nIndice de proteccion: IP54<br \/>\nFuente switching: 120W-12V-10A. Corriente continua(CC)<br \/>\nControladora radio frecuencia 12v-24v<br \/>\nControl remoto touch.<\/p>\n<p>LAS LUCES TIENEN QUE ESTAR COLOCADAS 40CM POR DEBAJO DEL BORDE DE LA PILETA.<br \/>\nEL GABINETE COMANDO DEBE ESTAR EN UN LUGAR DONDE NO SE MOJE Y CON UNA TERMICA DE 10 A.<br \/>\nEL CABLE PARA LA INSTALACION DEBE SER DE 4X1 MM.<br \/>\nLAS LUCES NO SE DEBEN PRENDER SIN ESTAR TAPADAS POR EL AGUA (SON SUBACUATICAS)<br \/>\nNO HACER EMPALMES DE CABLES DEJANDOLOS DENTO DE LA PILETA O QUE QUEDEN EN CONTACTO CON EL AGUA.<\/p>\n<p>INSTRUCTIVO DE INSTALACION EN PISCINA<\/p>\n<p>ES UN INSTRUCTIVO PARA QUE UNELECTRICISTA, PILETERO, CONSTRUCTOR OMATRICULADO<br \/>\nPUEDA REALIZAR LA INSTALACIONDE UN KIT DE LUCES EN SU PISCINA.<br \/>\nTOMEMOSCOMO EJEMPLO QUE USTED VA A COLOCARLE A SUPISCINA UN KIT DE 2 LUCES + GABINETE DE COMANDO.<\/p>\n<p>SE NECESITAN LOS SIGUIENTES MATERIALES:<\/p>\n<p>2 PASAMURO\/PRENSACABLE DE 3\/4<br \/>\n2 MANGUERA O CORRUGADO DE 3\/4<br \/>\nTERMOCONTRAIBLE<br \/>\n1 PEGAMENTO RESISTENTE AL AGUA (SILICONA NEUTRA)<br \/>\n2 CAJAS ESTANCAS CHICAS (10\/15CM X 10\/15CM)<br \/>\nCANTIDAD DE METROS X CABLE QUE SE NECESITA PARA LA INSTALACION:<br \/>\nSI LAS LUCES SON RGB EL CABLE ES DE TIPO TALLER TETRAPOLAR 4X1\/4X1,5<br \/>\nSI LAS LUCES SON BLANCAS EL CABLE ES DE TIPO TALLER BIPOLAR 2X1)<br \/>\nLA CANTIDAD DE METROS SE CALCULA DESDE DONDE SALEN LAS 2 LUCES<br \/>\n(ALLI SE HACE UNA CONEXION ENTRE ELLAS PARA LLEVAR UN SOLO CABLE AL GABINETE)<br \/>\nHACIA DONDE VA A ESTAR EL GABINETE DE COMANDO (TIENE QUE ESTAR EN UN LUGAR DONDE NO SE MOJE<\/p>\n<p>INSTALACION:<\/p>\n<p>PASO 1: LOS AGUJEROS DE LA PISCINA TIENEN QUE ESTAR 40CM POR DEBAJO DEL NIVEL MAXIMO DE AGUA.<br \/>\nUNA VEZ CALCULADO SE PROCEDEN A HACER LOS AGUJEROS QUE TIENEN QUE SER DE 3\/4.<br \/>\nUNA VEZ YA ECHOS ESTOS 2 AGUJEROS, SE PROCEDE A SELLAR EL PASAMURO DE 3\/4 EN EL AGUJERO<br \/>\n(EL PASAMURO SE PURDE SELLAR CON MATERIAL\/HORMIGON O SILICONA NEUTRA)<br \/>\nLA IDEA ES QUE EL PASAMURO QUEDE AMURADO A LA PISCINA.<\/p>\n<p>PASO 2: SE PROCEDE A PEGAR LA MANGUERA\/CORRUGADO EN EL PASAMURO DE LA PARTE DE AFUERA DE LA PISCINA,<br \/>\nY LA MISMA SE LA LLEVA HACIA ARRIBA, POR ELLA VA A PASAR EL CABLE DE LA LUZ Y VA A SALIR AFUERA.<br \/>\nES MUY IMPORTANTE QUE LA MANGUERA QUEDE TOTALMENTE SELLADA AL PASAMURO, PARA EVITAR LA POSIBILIDAD DE<br \/>\nFILTRACIONES.<\/p>\n<p>PASO 3: PROCEDEMOS A HACER 2 AGUJEROS DE LADO DE ADENTRO DE LA PISCINA, UNO DE UN LADO DEL PASAMURO<br \/>\nY EL OTRO DEL OTRO LADO DEL PASAMURO, ESTO ES PARA QUE PUEDAS ATORNILLAR LA LUZ EN LA PARED DE LA PISCINA.<br \/>\nSE PROCEDE A PONER LOS TARUGOS, Y A PASAR EL CABLE DE LA LUZ POR EL PASAMURO Y LA MANGUERA HASTA SACARLO AFUERA.<br \/>\nLUEGO SE COLOCA LA LUZ Y ATORNILLAN LOS 2 TORNILLOS EN LOS AGUJEROS.<\/p>\n<p>PASO 4: EL PROCESO SE REPITE CON LA SEGUNDA LUZ.<br \/>\nLUEGO POR FUERA DE LA PILETA EN LA TIERRA, A LA ALTURA DE CADA LUZ SE COLOCA BAJO TIERRA LAS CAJAS ESTANCAS.<br \/>\nPRIMERO SE COLOCA EL CABLE DENTRO DE LA CAJA ESTANCA MAS LEJADA AL GABINETE Y ALLI SE HACE UNA CONEXION QUE<br \/>\nSALGA HACIA LA SEGUNDA CAJA ESTANCA QUE TIENE EL CABLE DE LA OTRA LUZ.<br \/>\nDE LA SEGUNDA CAJA VA A SALIR OTRO CABLE QUE VAMOS A LLEVAR BAJO TIERRA O HACIA EL GABINETE DE COMANDO (QUE DEBE<br \/>\nESTAR EN UN LUGAR DONDE NO SE MOJE).<\/p>\n<p>&#8212;&#8212;&#8212;&#8212;&#8212;&#8212;&#8212;&#8212;&#8212;&#8212;&#8211;MARCAFEDE&#8212;&#8212;&#8212;&#8212;&#8212;&#8212;&#8212;&#8212;&#8212;&#8212;&#8211;<\/p>\n<p>ILUMINACION &#8211; ACCESORIOS &#8211; ELECTRONICA &#8211; CCTV &#8211; DISE\u00d1O WEB &#8211; ALARMAS &#8211; CAMARAS<\/p>\n<p>VEA TODOS LOS PRODUCTOS<\/p>\n<p>TODOS LOS PRODUCTOS AQUI: https:\/\/eshops.mercadolibre.com.ar\/MARCAFEDE<\/p>\n<p>FORMAS DE PAGO:<\/p>\n<p>* A trav\u00e9s de Mercado Pago con:<br \/>\n&#8211; Tarjeta de cr\u00e9dito<br \/>\n&#8211; Tarjeta de d\u00e9bito<br \/>\n* Efectivo en nuestro Showroom (Dep\u00f3sito)<br \/>\n* Dep\u00f3sito o transferencia bancaria<\/p>\n<p>FORMAS DE ENV\u00cdO<\/p>\n<p>* Realizamos env\u00edos a todo el pa\u00eds por:<br \/>\n&#8211; Mercado env\u00edos<br \/>\n&#8211; OCA o Correo Argentino<br \/>\n&#8211; Micro a la sucursal<br \/>\n&#8211; V\u00eda Cargo<br \/>\n&#8211; Bus Pack<br \/>\n&#8211; Cruz del Sur<br \/>\n&#8211; Moto a domicilio<br \/>\n&#8211; Puede retirar en nuestro deposito<br \/>\n&#8211; o por el medio que sea de su preferencia<\/p>\n<p>GARANT\u00cdA<\/p>\n<p>Iluminaci\u00f3n MarcaFede brinda garant\u00eda de 6 meses por defectos de fabricaci\u00f3n que provee el fabricante o importador, la misma queda<br \/>\nsin efecto por mal uso o roturas por agentes externos como por ejemplo mal trato del transporte indicado por el comprador.<br \/>\nEn todos los casos la mercader\u00eda debe ser remitida al servicio t\u00e9cnico, el producto debe conservar su embalaje original con accesorios completos.<br \/>\nTODOS LOS GASTOS DEL TRASLADO CORREN POR CUENTA DEL COMPRADOR SIN EXCEPCION.<\/p>\n<p>HACEMOS FACTURA A<\/p>\n<p>UBICACI\u00d3N<\/p>\n<p>Estamos a 4 y 8 cuadras de Estaci\u00f3n Lan\u00fas Oeste.<br \/>\nNO TENEMOS LOCAL DE VENTA A LA CALLE.<br \/>\nLos retiros pueden realizarse en los siguientes horarios, con previo aviso.<br \/>\nA 4 Cuadras por la tarde de 16 a 19 hs.<br \/>\nA 8 Cuadras por la ma\u00f1ana de 9:30 a 14 Hs.<br \/>\nLos d\u00edas S\u00e1bados coordinar horario y lugar.<\/p>\n","protected":false},"excerpt":{"rendered":"<p>Pack de 2 Luces pata Pileta 10 wt RGB con Gabinete, Control Remoto, Termica 10 A y Fuente de Alimentaci\u00f3n. De acero inoxidable y selladas totalmente con resina epoxi M\u00e1s de 10 Colores 50.000 hs de uso Con control remoto touch Varias secuencias de colores Aumento y disminuci\u00f3n de intensidad Aumento y disminucci\u00f3n de velocidad [&hellip;]<\/p>\n","protected":false},"featured_media":38777,"template":"","meta":[],"product_brand":[],"product_cat":[30],"product_tag":[],"class_list":{"0":"post-38773","1":"product","2":"type-product","3":"status-publish","4":"has-post-thumbnail","6":"product_cat-marcafede","8":"first","9":"instock","10":"taxable","11":"shipping-taxable","12":"purchasable","13":"product-type-simple"},"jetpack_sharing_enabled":true,"_links":{"self":[{"href":"https:\/\/marcafede.com.ar\/iluminacion\/wp-json\/wp\/v2\/product\/38773","targetHints":{"allow":["GET"]}}],"collection":[{"href":"https:\/\/marcafede.com.ar\/iluminacion\/wp-json\/wp\/v2\/product"}],"about":[{"href":"https:\/\/marcafede.com.ar\/iluminacion\/wp-json\/wp\/v2\/types\/product"}],"wp:featuredmedia":[{"embeddable":true,"href":"https:\/\/marcafede.com.ar\/iluminacion\/wp-json\/wp\/v2\/media\/38777"}],"wp:attachment":[{"href":"https:\/\/marcafede.com.ar\/iluminacion\/wp-json\/wp\/v2\/media?parent=38773"}],"wp:term":[{"taxonomy":"product_brand","embeddable":true,"href":"https:\/\/marcafede.com.ar\/iluminacion\/wp-json\/wp\/v2\/product_brand?post=38773"},{"taxonomy":"product_cat","embeddable":true,"href":"https:\/\/marcafede.com.ar\/iluminacion\/wp-json\/wp\/v2\/product_cat?post=38773"},{"taxonomy":"product_tag","embeddable":true,"href":"https:\/\/marcafede.com.ar\/iluminacion\/wp-json\/wp\/v2\/product_tag?post=38773"}],"curies":[{"name":"wp","href":"https:\/\/api.w.org\/{rel}","templated":true}]}}