{"id":40635,"date":"2025-02-27T09:52:14","date_gmt":"2025-02-27T12:52:14","guid":{"rendered":"https:\/\/marcafede.com.ar\/iluminacion\/?post_type=product&#038;p=40635"},"modified":"2025-09-23T10:09:09","modified_gmt":"2025-09-23T13:09:09","slug":"plafon-baliza-plastica-con-leds-intermitentes-12-volts","status":"publish","type":"product","link":"https:\/\/marcafede.com.ar\/iluminacion\/producto\/plafon-baliza-plastica-con-leds-intermitentes-12-volts\/","title":{"rendered":"Plaf\u00f3n Baliza Pl\u00e1stica con Leds Intermitentes 12 Volts"},"content":{"rendered":"<p>Plaf\u00f3n Baliza Pl\u00e1stica 12 V con Leds Intermitentes<br \/>\nBaliza Led Luz Destellante Parpadeante Estrobosc\u00f3pica &#8211; Colores: Amarillo, Blanco, Rojo y Verde.<\/p>\n<p>Para se\u00f1alizaci\u00f3n de interiores y exteriores.<br \/>\nConexi\u00f3n a fuentes de corriente continua de 8 a 15volts<br \/>\nDe Uso es muy simple, s\u00f3lo se conecta y empieza a funcionar autom\u00e1ticamente.<br \/>\nApta para uso en intemperie.<\/p>\n<p>Cantidad 92 destellos por minuto<\/p>\n<p>Luz base a flash.<\/p>\n<p>Vida \u00fatil: 50.000 horas.<\/p>\n<p>*INCLUYE L\u00c1MPARA LED*<\/p>\n<p>Di\u00e1metro 20 cm. &#8211; Alto: 10\u00a0 cm.<\/p>\n<p>Material de la Base y Aro: Polipropileno<\/p>\n<p>Material de la Carcasa: Polipropileno Color<\/p>\n<p>Las fotos son ilustrativas, se entrega el modelo dependiendo de la disponibilidad.<\/p>\n<p>&#8212;&#8212;&#8212;&#8212;&#8212;&#8212;&#8212;&#8212;&#8212;&#8212;&#8211;MARCAFEDE&#8212;&#8212;&#8212;&#8212;&#8212;&#8212;&#8212;&#8212;&#8212;&#8212;&#8211;<\/p>\n<p>ILUMINACI\u00d3N &#8211; ACCESORIOS &#8211; ELECTR\u00d3NICA &#8211; CCTV &#8211; DISE\u00d1O WEB &#8211; ALARMAS &#8211; CAMARAS<\/p>\n<p>VEA TODOS LOS PRODUCTOS<\/p>\n<p>TODOS LOS PRODUCTOS AQUI: https:\/\/eshops.mercadolibre.com.ar\/MARCAFEDE<\/p>\n<p>FORMAS DE PAGO:<\/p>\n<p>* A trav\u00e9s de Mercado Pago con:<br \/>\n&#8211; Tarjeta de cr\u00e9dito<br \/>\n&#8211; Tarjeta de d\u00e9bito<br \/>\n* Efectivo en nuestro Showroom (Dep\u00f3sito)<br \/>\n* Dep\u00f3sito o transferencia bancaria<\/p>\n<p>FORMAS DE ENV\u00cdO<\/p>\n<p>* Realizamos env\u00edos a todo el pa\u00eds por:<br \/>\n&#8211; Mercado env\u00edos<br \/>\n&#8211; OCA o Correo Argentino<br \/>\n&#8211; Micro a la sucursal<br \/>\n&#8211; V\u00eda Cargo<br \/>\n&#8211; Bus Pack<br \/>\n&#8211; Cruz del Sur<br \/>\n&#8211; Moto a domicilio<br \/>\n&#8211; Puede retirar en nuestro deposito<br \/>\n&#8211; o por el medio que sea de su preferencia<\/p>\n<p>GARANT\u00cdA<\/p>\n<p>Iluminaci\u00f3n MarcaFede brinda garant\u00eda de 6 meses por defectos de fabricaci\u00f3n que provee el fabricante o importador, la misma queda<br \/>\nsin efecto por mal uso o roturas por agentes externos como por ejemplo mal trato del transporte indicado por el comprador.<br \/>\nEn todos los casos la mercader\u00eda debe ser remitida al servicio t\u00e9cnico, el producto debe conservar su embalaje original con accesorios completos.<br \/>\nTODOS LOS GASTOS DEL TRASLADO CORREN POR CUENTA DEL COMPRADOR SIN EXCEPCION.<\/p>\n<p>HACEMOS FACTURA A<\/p>\n<p>UBICACI\u00d3N<\/p>\n<p>Estamos a 4 y 8 cuadras de Estaci\u00f3n Lan\u00fas Oeste.<br \/>\nNO TENEMOS LOCAL DE VENTA A LA CALLE.<br \/>\nLos retiros pueden realizarse en los siguientes horarios, con previo aviso.<br \/>\nA 4 Cuadras por la tarde de 16 a 19 hs.<br \/>\nA 8 Cuadras por la ma\u00f1ana de 9:30 a 14 Hs.<br \/>\nLos d\u00edas S\u00e1bados coordinar horario y lugar.<\/p>\n","protected":false},"excerpt":{"rendered":"<p>Plaf\u00f3n Baliza Pl\u00e1stica 12 V con Leds Intermitentes Baliza Led Luz Destellante Parpadeante Estrobosc\u00f3pica &#8211; Colores: Amarillo, Blanco, Rojo y Verde. Para se\u00f1alizaci\u00f3n de interiores y exteriores. Conexi\u00f3n a fuentes de corriente continua de 8 a 15volts De Uso es muy simple, s\u00f3lo se conecta y empieza a funcionar autom\u00e1ticamente. Apta para uso en intemperie. [&hellip;]<\/p>\n","protected":false},"featured_media":40648,"template":"","meta":[],"product_brand":[],"product_cat":[30,87],"product_tag":[],"class_list":{"0":"post-40635","1":"product","2":"type-product","3":"status-publish","4":"has-post-thumbnail","6":"product_cat-marcafede","7":"product_cat-plafones-plasticos","9":"first","10":"instock","11":"taxable","12":"shipping-taxable","13":"purchasable","14":"product-type-variable"},"jetpack_sharing_enabled":true,"_links":{"self":[{"href":"https:\/\/marcafede.com.ar\/iluminacion\/wp-json\/wp\/v2\/product\/40635","targetHints":{"allow":["GET"]}}],"collection":[{"href":"https:\/\/marcafede.com.ar\/iluminacion\/wp-json\/wp\/v2\/product"}],"about":[{"href":"https:\/\/marcafede.com.ar\/iluminacion\/wp-json\/wp\/v2\/types\/product"}],"wp:featuredmedia":[{"embeddable":true,"href":"https:\/\/marcafede.com.ar\/iluminacion\/wp-json\/wp\/v2\/media\/40648"}],"wp:attachment":[{"href":"https:\/\/marcafede.com.ar\/iluminacion\/wp-json\/wp\/v2\/media?parent=40635"}],"wp:term":[{"taxonomy":"product_brand","embeddable":true,"href":"https:\/\/marcafede.com.ar\/iluminacion\/wp-json\/wp\/v2\/product_brand?post=40635"},{"taxonomy":"product_cat","embeddable":true,"href":"https:\/\/marcafede.com.ar\/iluminacion\/wp-json\/wp\/v2\/product_cat?post=40635"},{"taxonomy":"product_tag","embeddable":true,"href":"https:\/\/marcafede.com.ar\/iluminacion\/wp-json\/wp\/v2\/product_tag?post=40635"}],"curies":[{"name":"wp","href":"https:\/\/api.w.org\/{rel}","templated":true}]}}